?
14
Calculate the remainder when 100984 is divided by 596.
260
Calculate the remainder when 460935 is divided by 92170.
85
Calculate the remainder when 1107963 is divided by 221562.
153
Calculate the remainder when 58725875 is divided by 19575283.
26
What is the remainder when 910306 is divided by 779?
434
What is the remainder when 3218720 is divided by 2092?
1224
Calculate the remainder when 220457 is divided by 54919.
781
What is the remainder when 379987061 is divided by 147?
146
Calculate the remainder when 1085327 is divided by 217056.
47
What is the remainder when 203752774 is divided by 5?
4
Calculate the remainder when 10979960 is divided by 536.
0
What is the remainder when 28782590 is divided by 1024?
1022
What is the remainder when 12139333 is divided by 3296?
165
What is the remainder when 42324 is divided by 4686?
150
Calculate the remainder when 5785924 is divided by 1764.
4
What is the remainder when 80190 is divided by 11455?
5
Calculate the remainder when 6299049 is divided by 422.
277
What is the remainder when 57259943 is divided by 1468203?
26
Calculate the remainder when 56620668 is divided by 215.
203
Calculate the remainder when 1255305 is divided by 1537.
1113
Calculate the remainder when 65447 is divided by 2619.
2591
Calculate the remainder when 464050 is divided by 199.
181
Calculate the remainder when 222465 is divided by 2204.
2065
What is the remainder when 18192913 is divided by 1102?
1097
Calculate the remainder when 334391 is divided by 844.
167
What is the remainder when 895475 is divided by 8948?
675
Calculate the remainder when 2967210 is divided by 206.
192
Calculate the remainder when 4356847 is divided by 244.
227
What is the remainder when 80488 is divided by 5746?
44
Calculate the remainder when 24102 is divided by 9222.
5658
Calculate the remainder when 1134218 is divided by 3278.
30
What is the remainder when 5888775 is divided by 2508?
2499
Calculate the remainder when 3960273 is divided by 8444.
37
What is the remainder when 6401367 is divided by 438?
435
What is the remainder when 8689003 is divided by 3564?
3535
Calculate the remainder when 712373 is divided by 23.
17
What is the remainder when 811465 is divided by 31?
9
Calculate the remainder when 4315739 is divided by 1438533.
140
What is the remainder when 163737598 is divided by 136?
126
Calculate the remainder when 3364590 is divided by 684.
678
What is the remainder when 916154 is divided by 915978?
176
Calculate the remainder when 20496013 is divided by 4.
1
Calculate the remainder when 36707147 is divided by 192.
11
Calculate the remainder when 33163851 is divided by 16581919.
13
What is the remainder when 18539944 is divided by 403042?
12
Calculate the remainder when 1737184 is divided by 579059.
7
Calculate the remainder when 202533 is divided by 489.
87
Calculate the remainder when 840881 is divided by 4102.
4073
What is the remainder when 39862209 is divided by 156?
153
Calculate the remainder when 37704047 is divided by 342764.
7
Calculate the remainder when 103848 is divided by 530.
498
Calculate the remainder when 13131359 is divided by 160.
159
Calculate the remainder when 202716 is divided by 3693.
3294
What is the remainder when 1944495 is divided by 138890?
35
Calculate the remainder when 49191 is divided by 3012.
999
Calculate the remainder when 107614058 is divided by 2245.
2228
Calculate the remainder when 8727315 is divided by 183.
45
Calculate the remainder when 51357679 is divided by 27.
7
Calculate the remainder when 1324633 is divided by 440723.
2464
Calculate the remainder when 138544 is divided by 68610.
1324
Calculate the remainder when 239994687 is divided by 235.
232
What is the remainder when 284749 is divided by 7116?
109
What is the remainder when 101597 is divided by 16883?
299
Calculate the remainder when 781499716 is divided by 77.
74
What is the remainder when 17593 is divided by 15913?
1680
Calculate the remainder when 758962 is divided by 499.
482
What is the remainder when 356959 is divided by 59453?
241
Calculate the remainder when 717085 is divided by 18295.
3580
What is the remainder when 575715 is divided by 33851?
248
Calculate the remainder when 2753064 is divided by 458842.
12
Calculate the remainder when 34779 is divided by 1043.
360
Calculate the remainder when 2363695 is divided by 1071.
1069
Calculate the remainder when 487885 is divided by 2822.
2501
Calculate the remainder when 93367 is divided by 822.
481
What is the remainder when 14053435 is divided by 136441?
12
What is the remainder when 590572349 is divided by 225?
224
Calculate the remainder when 41608185 is divided by 23.
12
What is the remainder when 5628192 is divided by 757?
654
What is the remainder when 13087715 is divided by 29949?
2
What is the remainder when 462243 is divided by 450?
93
What is the remainder when 8253706 is divided by 953?
726
Calculate the remainder when 2844823 is divided by 2123.
3
Calculate the remainder when 777868 is divided by 388926.
16
Calculate the remainder when 7301235 is divided by 167.
162
Calculate the remainder when 33258 is divided by 4721.
211
What is the remainder when 630559 is divided by 692?
147
What is the remainder when 14863173 is divided by 228664?
13
Calculate the remainder when 605209 is divided by 302558.
93
Calculate the remainder when 51490 is divided by 49911.
1579
What is the remainder when 2613375 is divided by 3071?
3025
What is the remainder when 39247 is divided by 39054?
193
What is the remainder when 151692 is divided by 75842?
8
Calculate the remainder when 44613899 is divided by 10.
9
Calculate the remainder when 80886932 is divided by 341295.
17
Calculate the remainder when 29283450 is divided by 261459.
42
What is the remainder when 2924948 is divided by 2378?
8
Calculate the remainder when 23263699 is divided by 1969.
1933
Calculate the remainder when 690100 is divided by 1537.
1524
What is the remainder when 1376546 is divided by 344131?
22
What is the remainder when 644972572 is divided by 13?
10
What is the remainder when 4919325 is divided by 18?
15
What is the remainder when 21239 is divided by 19497?
1742
Calculate the remainder when 112393 is divided by 5.
3
Calculate the remainder when 120239096 is divided by 60119541.
14
What is the remainder when 1176582 is divided by 73512?
390
What is the remainder when 14218051 is divided by 354?
349
Calculate the remainder when 51337642 is divided by 12.
10
What is the remainder when 172879 is divided by 24641?
392
What is the remainder when 3003353728 is divided by 615?
613
Calculate the remainder when 220190 is divided by 701.
76
What is the remainder when 409336 is divided by 1639?
1225
What is the remainder when 33597559 is divided by 16798775?
9
Calculate the remainder when 498780 is divided by 18950.
6080
What is the remainder when 20107230 is divided by 1614?
18
Calculate the remainder when 179552 is divided by 340.
32
What is the remainder when 3399899 is divided by 20?
19
Calculate the remainder when 1332170 is divided by 82.
80
Calculate the remainder when 87259396 is divided by 509.
508
What is the remainder when 4258040 is divided by 3493?
73
Calculate the remainder when 46227649 is divided by 3437.
3436
Calculate the remainder when 234164 is divided by 1296.
884
What is the remainder when 10477749 is divided by 988?
9
Calculate the remainder when 3428575 is divided by 369.
196
What is the remainder when 793092270 is divided by 14?
12
Calculate the remainder when 1820950 is divided by 1820942.
8
Calculate the remainder when 104228 is divided by 26035.
88
What is the remainder when 337523223 is divided by 746?
745
What is the remainder when 19118 is divided by 8408?
2302
Calculate the remainder when 184863166 is divided by 438.
10
Calculate the remainder when 17806907 is divided by 8903452.
3
What is the remainder when 1976058 is divided by 489?
9
Calculate the remainder when 168926 is divided by 254.
16
What is the remainder when 3545749 is divided by 15620?
9
Calculate the remainder when 907148 is divided by 32380.
508
What is the remainder when 754707 is divided by 11439?
11172
What is the remainder when 21392485 is divided by 23127?
10
Calculate the remainder when 26948403 is divided by 36.
27
Calc